
-100000001101
In base 11, what is 144 + -aa13?
-a87a
In base 13, what is 3a21 + -42?
39ac
In base 10, what is 60776 - -5?
60781
In base 4, what is 3 + -30000112?
-30000103
In base 5, what is -1023330413 + -10?
-1023330423
In base 4, what is 1002320 - -102?
1003022
In base 5, what is -1400 + 102430?
101030
In base 3, what is 112 + 10000222221?
10001000110
In base 13, what is 4 - -126a2?
126a6
In base 9, what is -1172842 - -5?
-1172836
In base 15, what is -2bbde + -3?
-2bbe2
In base 3, what is -1002 + 111?
-121
In base 14, what is -476 - 3d?
-4b5
In base 2, what is 1100011001011000100 - -11?
1100011001011000111
In base 2, what is 101001 - 100101100100000?
-100101011110111
In base 12, what is 65 + a10?
a75
In base 16, what is -8f30 - -4?
-8f2c
In base 2, what is 1100 + 1000100101100100?
1000100101110000
In base 9, what is -28 + 3570?
3541
In base 9, what is 3272 - -64?
3346
In base 16, what is -a5 - -d?
-98
In base 7, what is 6654 + 23?
10010
In base 3, what is -1021222 + -12211?
-1111210
In base 5, what is -1014 - 23233?
-24302
In base 8, what is -3 + 252606?
252603
In base 9, what is 380 - -47?
437
In base 7, what is -1024 - -1052?
25
In base 3, what is -112120112 + -2?
-112120121
In base 15, what is 1a - -69e?
6b9
In base 8, what is -1336 - -20?
-1316
In base 14, what is 7a + 2661?
26db
In base 14, what is 17 - 2cc6a?
-2cc53
In base 4, what is -232230033 - 2?
-232230101
In base 15, what is -302 + 3b?
-2b6
In base 16, what is -bc + 425?
369
In base 7, what is 154 - 141?
13
In base 13, what is -2 + -24a014?
-24a016
In base 13, what is 32375 + 2?
32377
In base 2, what is 1000100011110 + 0?
1000100011110
In base 10, what is 9172 + 83?
9255
In base 7, what is -13224 + 155?
-13036
In base 8, what is 2 + 1601435?
1601437
In base 10, what is -3 + -22707?
-22710
In base 15, what is 7 - -851?
858
In base 12, what is -6a + b5?
47
In base 13, what is 4681 + c?
4690
In base 15, what is 35c + 4ca?
837
In base 8, what is -14062 + 2?
-14060
In base 15, what is -abbb + 3a?
-ab81
In base 15, what is 1 - -16277?
16278
In base 9, what is 43 - 28742?
-28688
In base 2, what is -1011111110100100 - -10?
-1011111110100010
In base 13, what is a3708 + 4?
a370c
In base 12, what is 9 + -27038?
-2702b
In base 5, what is -2 + 3231?
3224
In base 16, what is -68563 + 3?
-68560
In base 6, what is -45340 - 2220?
-52000
In base 13, what is 70 - -456?
4c6
In base 15, what is -1 + 185455?
185454
In base 16, what is 3157 + 0?
3157
In base 13, what is 5 + -2065b?
-20656
In base 13, what is 0 + 232?
232
In base 11, what is 6526a - 4?
65266
In base 11, what is 1224a + 1?
12250
In base 4, what is 1333 + 230?
2223
In base 4, what is -12 - -32133110?
32133032
In base 4, what is 11310 - 201?
11103
In base 6, what is -45542045 - -1?
-45542044
In base 7, what is 4210 + -1?
4206
In base 2, what is 10 + 100111010111110001?
100111010111110011
In base 11, what is 939a + 137?
9526
In base 8, what is 2 + -26757?
-26755
In base 15, what is 2 - -7dd?
7e0
In base 15, what is -1 + -4ae5?
-4ae6
In base 7, what is 1 + -6565414?
-6565413
In base 13, what is -1c7 - 1987?
-1b81
In base 5, what is -1110 - 13111?
-14221
In base 12, what is 505 + -b13?
-60a
In base 3, what is 11 - -1020000221?
1020001002
In base 15, what is -77 + -132c?
-13a4
In base 9, what is 118024 + 5?
118030
In base 12, what is 195bb7 + 3?
195bba
In base 16, what is -8bee + -2?
-8bf0
In base 15, what is -6 - -c1c?
c16
In base 12, what is -7075 - -157?
-6b1a
In base 7, what is 0 - -1505?
1505
In base 2, what is -1001101010110 - -100?
-1001101010010
In base 7, what is -12260 + 0?
-12260
In base 15, what is 3 - -53824?
53827
In base 3, what is 1122 - 102202?
-101010
In base 2, what is 10110001110100 - -100110?
10110010011010
In base 6, what is -53 - 1315?
-1412
In base 16, what is a0 + ab?
14b
In base 5, what is -2123 + 130413?
123240
In base 7, what is -4 - 443643?
-443650
In base 13, what is -93 - 243?
-306
In base 2, what is 0 + 1000111111111101?
1000111111111101
In base 7, what is 62510 + -5?
62502
In base 16, what is 79f002 - -2?
79f004
In base 7, what is 351 + 163?
544
In base 4, what is 12 - 111111?
-111033
In base 14, what is 5b7 + -31?
586
In base 3, what is -120201011 + 2?
-120201002
In base 13, what is 4265 - -3?
4268
In base 9, what is -16074 + 7?
-16066
In base 6, what is -4 - 1124013?
-1124021
In base 11, what is -5498 - 3?
-54a0
In base 4, what is 103 + -2220201?
-2220032
In base 4, what is 12102031 - -3?
12102100
In base 11, what is -355875 - -16?
-35585a
In base 8, what is -204 + 4472?
4266
In base 10, what is 28526 - -65?
28591
In base 5, what is -2 + -24202040?
-24202042
In base 4, what is 1101120 - -21?
1101201
In base 4, what is -1101132 - -2300?
-1032232
In base 4, what is 1022303 - -10122?
1033031
In base 4, what is -12301 + -22320?
-101221
In base 3, what is 22211 + -2210?
20001
In base 8, what is 3 - -2135537?
2135542
In base 5, what is 33404 - 10?
33344
In base 3, what is 10002 + 102110?
112112
In base 11, what is -1 + -163aa?
-16400
In base 3, what is -11 + -212010012001?
-212010012012
In base 2, what is 10101001 - 1001000100?
-110011011
In base 16, what is -2 - -14c2?
14c0
In base 16, what is 1 + 5a6bb?
5a6bc
In base 7, what is 2 + 6346?
6351
In base 5, what is -332344 - 0?
-332344
In base 15, what is ad + -1e?
8e
In base 11, what is 33 - -3335?
3368
In base 2, what is 100111 + -11011000011?
-11010011100
In base 2, what is -1111011100100 - 111?
-1111011101011
In base 9, what is 6311 - 628?
5572
In base 15, what is -208 - 1ac?
-3b5
In base 3, what is -10 - 2202110102021?
-2202110102101
In base 16, what is -fdd9 - 5?
-fdde
In base 15, what is -20c - 144?
-351
In base 14, what is -8 + 45d2?
45c8
In base 11, what is 5 - 4309?
-4304
In base 10, what is -3949 - 360?
-4309
In base 9, what is 4 - -5556?
5561
In base 8, what is 223 - -4465?
4710
In base 10, what is 1 + -24176?
-24175
In base 11, what is 159440 - -3?
159443
In base 9, what is -778 - -3645?
2756
In base 10, what is -1 + 127926?
127925
In base 10, what is -161922 - -21?
-161901
In base 4, what is -10130201 - 10?
-10130211
In base 3, what is -1 + -1120202000?
-1120202001
In base 12, what is -146b + -10?
-147b
In base 11, what is 398441 - 6?
398436
In base 3, what is -10 + -10202100021?
-10202100101
In base 8, what is -6624 - 45?
-6671
In base 4, what is 10211 - -1221123?
1232000
In base 13, what is -1b - -55ab?
5590
In base 10, what is 187846 + 0?
187846
In base 4, what is -11 + 33310012?
33310001
In base 3, what is 12 + -100102012?
-100102000
In base 14, what is -3c81d - -1?
-3c81c
In base 5, what is 0 - -412032201?
412032201
In base 11, what is 104727 + 2?
104729
In base 15, what is -b8 + 201?
138
In base 3, what is -211221112 + 12?
-211221100
In base 7, what is -1 + -343216?
-343220
In base 3, what is 1101 + -112122100?
-112120222
In base 5, what is -10334220 - -4?
-10334211
In base 15, what is -ea49 + -1?
-ea4a
In base 10, what is -5760 + -2?
-5762
In base 12, what is 4 - 183479?
-183475
In base 2, what is -10011100011001 + 0?
-10011100011001
In base 10, what is -202 - 523?
-725
In base 2, what is -101010101110111101 - 1?
-101010101110111110
In base 16, what is e + d38?
d46
In base 13, what is 4a06a + -7?
4a063
In base 2, what is -110000010000 + -11010101?
-110011100101
In base 14, what is 4 - -6793b?
67941
In base 16, what is cc + 6e?
13a
In base 8, what is 166223 + -1?
166222
In base 12, what is 5 - -38098?
380a1
In base 9, what is -835348 + 2?
-835346
In base 4, what is -10 - -2320112233?
2320112223
In base 10, what is 5 - -77827?
77832
In base 10, what is -12 + 8252?
8240
In base 15, what is 1 - -35056?
35057
In base 10, what is -20 + -1061?
-1081
In base 5, what is -3334003333 - 3?
-3334003341
In base 13, what is 5 + 3c95?
3c9a
In base 11, what is 674 + -55?
61a
In base 14, what is 41c53 - 4?
41c4d
In base 5, what is 3312212 + -14?
3312143
In base 13, what is -2822 - -6?
-2819
In base 12, what is 72a85 - 7?
72a7a
In base 7, what is 5250 + -5?
5242
In base 16, what is -12 + 2e47?
2e35
In base 5, what is 311144 - 233?
310411
In base 7, what is 0 + 225543?
225543
In base 10, what is 3 + 5501?
5504
In base 15, what is 0 + -15990?
-15990
In base 5, what is -110212343 + -2?
-110212400
In base 5, what is 3 + 332121?
332124
In base 10, what is 8 - -46